is 11111011 + 11?
11111110
In base 11, what is -202 - 1?
-203
In base 10, what is 4 - -82?
86
In base 2, what is 101 - 10100110?
-10100001
In base 14, what is 5 + -57?
-52
In base 12, what is 3 + -4?
-1
In base 5, what is 0 + 344?
344
In base 4, what is -3 + -21021?
-21030
In base 9, what is 2 - 40?
-37
In base 3, what is -1020212 + -1?
-1020220
In base 6, what is 4 + -221?
-213
In base 5, what is -13 + -103?
-121
In base 4, what is 31 - 3?
22
In base 8, what is 11617 - -1?
11620
In base 13, what is -291 + 4?
-28a
In base 7, what is 62 + 1?
63
In base 15, what is -2 + 1db?
1d9
In base 16, what is 2 + -27?
-25
In base 12, what is -5 - 2?
-7
In base 13, what is -4 + 13bb?
13b7
In base 6, what is -42 - 33?
-115
In base 5, what is 1 - 213?
-212
In base 6, what is -3 - 15301?
-15304
In base 11, what is -1358 + -4?
-1361
In base 14, what is 8 - -63?
6b
In base 8, what is -1556 + 4?
-1552
In base 2, what is 11100 - -1011?
100111
In base 15, what is -3e7 - 0?
-3e7
In base 9, what is -48 - 185?
-244
In base 2, what is -10 - 0?
-10
In base 16, what is -715 - -3?
-712
In base 13, what is 3a - -2?
3c
In base 12, what is 13 - -135?
148
In base 9, what is 1 + -1174?
-1173
In base 9, what is -453 - 4?
-457
In base 16, what is -4dd2 + -2?
-4dd4
In base 7, what is -1 - 43?
-44
In base 14, what is -5 + -4d?
-54
In base 14, what is 46 + -a?
3a
In base 6, what is -4 + 3213?
3205
In base 8, what is 5 - -1233?
1240
In base 12, what is -3ba9 + 0?
-3ba9
In base 9, what is -7 - -1056?
1048
In base 9, what is -4686 - -4?
-4682
In base 5, what is -243 - 3?
-301
In base 10, what is 6 + -2167?
-2161
In base 14, what is -17 + -1d3?
-20a
In base 7, what is -130 - -1?
-126
In base 13, what is -3 + -38a?
-390
In base 12, what is 0 - 145?
-145
In base 12, what is 4 + 17?
1b
In base 11, what is 4 + -2920?
-2917
In base 8, what is 12 - 1315?
-1303
In base 4, what is -22303 - -3?
-22300
In base 8, what is 1264 - 2?
1262
In base 10, what is 1 + 56?
57
In base 5, what is -332202 + -10?
-332212
In base 8, what is -1220 + -1?
-1221
In base 14, what is 11c1 + -5?
11ba
In base 7, what is -240 + 23?
-214
In base 15, what is c9 + -5?
c4
In base 16, what is -22 + -5?
-27
In base 2, what is -101110101 + -11111?
-110010100
In base 9, what is 631 + -52?
568
In base 14, what is 4 + 66?
6a
In base 12, what is -2 + 3a?
38
In base 7, what is 14 + -6?
5
In base 4, what is 10 + -21232?
-21222
In base 12, what is -53 - -13?
-40
In base 8, what is -260 - 0?
-260
In base 4, what is -213002 - -10?
-212332
In base 5, what is 322 + 3002?
3324
In base 5, what is 1140 + -1?
1134
In base 16, what is -1 + -4b?
-4c
In base 10, what is 15 + -7?
8
In base 11, what is -454 - 5?
-459
In base 9, what is -350 - 20?
-370
In base 11, what is 0 + -a?
-a
In base 3, what is 1121 - -1110?
10001
In base 13, what is b3 - -7?
ba
In base 11, what is -5a + 39?
-21
In base 14, what is -5 - 8a3?
-8a8
In base 16, what is 1 + 146f?
1470
In base 16, what is 57 + -5?
52
In base 12, what is -192 - -10?
-182
In base 6, what is 0 + 22151?
22151
In base 16, what is be8 - a?
bde
In base 7, what is -1 - -2035?
2034
In base 9, what is 21 - -37?
58
In base 7, what is 2 - 36?
-34
In base 6, what is 12 - -3424?
3440
In base 13, what is 0 - -4?
4
In base 2, what is -1 - 1011010?
-1011011
In base 5, what is 22 + -102?
-30
In base 4, what is -323 - 10?
-333
In base 7, what is 0 + -55?
-55
In base 2, what is 1 + -111010?
-111001
In base 5, what is -4224 + 3?
-4221
In base 5, what is -114310 - -4?
-114301
In base 3, what is -1002 + -22?
-1101
In base 6, what is 22 + -5?
13
In base 16, what is 3e - -9e?
dc
In base 9, what is -4 - -20?
15
In base 10, what is -175 - 11?
-186
In base 10, what is 1 + -819?
-818
In base 6, what is 11 + -23?
-12
In base 5, what is -3004 + 0?
-3004
In base 16, what is 1 - 3cd?
-3cc
In base 5, what is 1203 - 0?
1203
In base 14, what is -317c - 2?
-3180
In base 9, what is 8685 + -3?
8682
In base 12, what is a23 + -19?
a06
In base 10, what is 1250 - -2?
1252
In base 10, what is -320 - 12?
-332
In base 3, what is 12 - -201?
220
In base 2, what is 100011001010011 - 0?
100011001010011
In base 11, what is 498 - 5?
493
In base 16, what is 13 + 536?
549
In base 16, what is 12 + 3?
15
In base 12, what is 5 - 2457?
-2452
In base 3, what is 120 + -1?
112
In base 9, what is -4 - -42?
37
In base 7, what is 1 - 12?
-11
In base 13, what is -429 - 2?
-42b
In base 4, what is -3 + 10123?
10120
In base 3, what is -211 - 101221?
-102202
In base 9, what is 1 + -642?
-641
In base 12, what is -245 + 5?
-240
In base 15, what is 29 - -b?
35
In base 10, what is 644 + -6?
638
In base 5, what is -110 - 32?
-142
In base 2, what is 100110111 + 101?
100111100
In base 14, what is -a - -c?
2
In base 2, what is 111101000010 + -100?
111100111110
In base 13, what is b + -22?
-14
In base 14, what is -a - 30?
-3a
In base 16, what is 3 - -53?
56
In base 12, what is -5b - -5?
-56
In base 13, what is -9 - -53?
47
In base 15, what is -31b - 0?
-31b
In base 14, what is 259 + 1d?
278
In base 12, what is -2 - -9?
7
In base 14, what is -5 + 455?
450
In base 4, what is -10 - -20?
10
In base 2, what is -10 + -1000011000?
-1000011010
In base 16, what is 22 + 3?
25
In base 15, what is 85 + 27?
ac
In base 3, what is 2100002 + -1?
2100001
In base 8, what is 151 - 66?
63
In base 16, what is -66 + -39?
-9f
In base 10, what is 0 - 663?
-663
In base 7, what is 5 - 1241?
-1233
In base 11, what is -5 - 153?
-158
In base 14, what is -1c6 + -4?
-1ca
In base 3, what is -10200 + -1?
-10201
In base 12, what is 26 + 3?
29
In base 11, what is -37 - -15?
-22
In base 11, what is -5 + -48?
-52
In base 6, what is 30343 - 0?
30343
In base 9, what is -21 + -51?
-72
In base 3, what is 201021 + 100?
201121
In base 11, what is -47 - 408?
-454
In base 10, what is 0 - 19?
-19
In base 14, what is -b03 + -6?
-b09
In base 2, what is 11111111 + -1?
11111110
In base 8, what is 100 - 3?
75
In base 5, what is -23 + 30130?
30102
In base 7, what is -5 - -602?
564
In base 2, what is -110 + -1001101000?
-1001101110
In base 10, what is 165 - -1?
166
In base 15, what is 45 + 4?
49
In base 5, what is 33 - -10221?
10304
In base 4, what is 11 + -11223?
-11212
In base 6, what is 432 - -1?
433
In base 14, what is -22b + 1?
-22a
In base 6, what is 312 + -13?
255
In base 8, what is -170 + -3?
-173
In base 4, what is 2 - 303?
-301
In base 8, what is -2563 + 5?
-2556
In base 13, what is 682 + 4?
686
In base 3, what is 2 - -1221120?
1221122
In base 11, what is 5 - -105a?
1064
In base 3, what is -1011 + 0?
-1011
In base 14, what is -184 + -2?
-186
In base 12, what is -2 + 2a92?
2a90
In base 11, what is -1 + -831?
-832
In base 11, what is 7490 + -1?
748a
In base 15, what is -e6 + a3?
-43
In base 12, what is -7 + 887?
880
In base 11, what is 4 - -1a?
23
In base 14, what is 1a2 - -7?
1a9
In base 6, what is 5 - -154?
203
In base 4, what is -23000 - 2?
-23002
In base 13, what is -4 - 5c?
-63
In base 11, what is 5 + 5?
a
In base 9, what is 3025 - 3?
3022
In base 7, what is -2 - 33?
-35
In base 13, what is -1 - a2?
-a3
In base 15, what is 9 + -3?
6
In base 15, what is -6c - -5?
-67
In base 2, what is 101 + -1100111?
-1100010
In base 8, what is 157 + -437?
-260
In base 2, what is -1000001011 + -11?
-1000001110
In base 16, what is 2 - b3?
-b1
In base 7, what is -2456 + -5?
-2464
In base 12, what is 23 + -6?
19
In base 14, what is a - -33?
3d
In base 2, what is -100 + 100000?
11100
In base 10, what is -4394 - 7?
-4401
In base 10, what is -1 + -51?
-52
In base 13, what is -5741 - 1?
-5742
In base 7, what is 25 - -313?
341
In base 15, what is 3 + -356?
-353
In base 15, what is 102 - 9?
e8
In base 15, what is 1a + -1d?
-3
In base 6, what is 130025 + 4?
130033
In base 15, what is 2 + 18?
1a
In base 13, what is -95 - -5?
-90
In base 6, what is 4 - 32303?
-32255
In base 3, what is 1 + 20112?
20120
In base 3, what is -1111011112 + 0?
-1111011112
In base 10, what is 17 + -10?
7
In base 12, what is 710 - 0?
710
In base 3, what is 102 + -21202?
-21100
In base 4, what is -21 - 103?
-130
In base 10, what is 14 - -6?
20
In base 9, what is -60 - -18?
-41
In base 7, what is 11 - -42?
53
In base 16, what is -3 - -a5?
a2
In base 14, what is -aa9 - -1?
-aa8
In base 6, what is 25 + 3120?
3145
In base 6, what is -2 - -3?
1
In base 6, what is -